631 + -4?
-1024635
In base 16, what is c - -a770?
a77c
In base 12, what is 204 - -4322?
4526
In base 12, what is 10a966 + 0?
10a966
In base 6, what is -221540 - -1?
-221535
In base 2, what is 10100100110001 + 100?
10100100110101
In base 9, what is 3 + -2411?
-2407
In base 16, what is a3 - -49e?
541
In base 9, what is 2 - 10254?
-10252
In base 16, what is -481 + d?
-474
In base 12, what is 1 + -386b?
-386a
In base 8, what is 35123 - 5?
35116
In base 5, what is 10 - 1224021?
-1224011
In base 12, what is 112b + -12?
1119
In base 6, what is -123352544 + 4?
-123352540
In base 12, what is -23 - 45b6?
-4619
In base 11, what is 3 - 7436a7?
-7436a4
In base 15, what is 2e5b + -1?
2e5a
In base 13, what is -13a + 177?
3a
In base 16, what is -5f2db + 2?
-5f2d9
In base 12, what is -45 - 14a?
-193
In base 14, what is -d34 + d?
-d25
In base 3, what is 201022122 + -11?
201022111
In base 9, what is 35 + -18470?
-18434
In base 16, what is ed + -72?
7b
In base 11, what is 343 + 10?
353
In base 2, what is -10001011111001100111000 + 1?
-10001011111001100110111
In base 5, what is -1241110 + 1?
-1241104
In base 6, what is 532415 - 11?
532404
In base 12, what is -2687 + -1?
-2688
In base 16, what is ed0 - 23?
ead
In base 2, what is -10001001000 + -11100110010?
-101101111010
In base 11, what is -4 + 657149?
657145
In base 8, what is -250 - -403?
133
In base 13, what is 3 + 47ac7?
47aca
In base 14, what is 115d08 - -2?
115d0a
In base 10, what is -8413 + 139?
-8274
In base 6, what is 22 - 44433?
-44411
In base 12, what is 237 - -134b?
1586
In base 6, what is -5 + -1533?
-1542
In base 14, what is 38792 - -3?
38795
In base 8, what is -4047 - 53?
-4122
In base 4, what is -223303 + -133?
-230102
In base 3, what is -1222020020 + 1?
-1222020012
In base 4, what is 20003200000 + -10?
20003133330
In base 6, what is 5 + -52024?
-52015
In base 4, what is -3 + 1233020?
1233011
In base 4, what is 3301 + 103?
10010
In base 5, what is -4 - 121123331?
-121123340
In base 15, what is 6da - 16?
6c4
In base 14, what is -4 + -80064?
-80068
In base 13, what is -19c36 + 2?
-19c34
In base 11, what is 333a - -25?
3364
In base 4, what is 12220 - -100332?
113212
In base 3, what is 2122211120 + -1200?
2122202220
In base 8, what is -135354 + 2?
-135352
In base 12, what is 38 + -436b1?
-43675
In base 5, what is -2023331 - -231?
-2023100
In base 6, what is 53142 - 1?
53141
In base 4, what is 12123 - 13121?
-332
In base 2, what is -1110111110 - -100000100010?
10001100100
In base 9, what is 803 + -26?
766
In base 4, what is -1230101 + -110?
-1230211
In base 11, what is 85998 + 8?
859a5
In base 14, what is 10 + -2453?
-2443
In base 6, what is -1315 + -2114?
-3433
In base 8, what is -175204 + 4?
-175200
In base 16, what is -4 + -2e45e?
-2e462
In base 13, what is 9 + -1638?
-162c
In base 9, what is -847 + 1280?
332
In base 13, what is -a + -81323?
-81330
In base 11, what is -3 - -5628?
5625
In base 9, what is 5 + 474875?
474881
In base 12, what is 37011 + 4?
37015
In base 9, what is 4385 + -16?
4368
In base 7, what is -61 + 35012?
34621
In base 8, what is -174602 - 4?
-174606
In base 2, what is -110000010110011110 - -101?
-110000010110011001
In base 11, what is -129904 + 4?
-129900
In base 8, what is 1156 - -176?
1354
In base 11, what is -12073 - 28?
-120a0
In base 16, what is -2 - 261d0?
-261d2
In base 14, what is -3 + -55608?
-5560b
In base 4, what is 2003122 - 2?
2003120
In base 9, what is -2146405 - 5?
-2146411
In base 6, what is 115151 + 4?
115155
In base 12, what is 65b8 + -6a?
654a
In base 7, what is 602 + 1114?
2016
In base 14, what is 409 + cc?
4d7
In base 10, what is -288 + -398?
-686
In base 12, what is -57038 - -5?
-57033
In base 5, what is 303 + -202022?
-201214
In base 12, what is -474 - 4347?
-47bb
In base 4, what is 303 - 2011101?
-2010132
In base 14, what is cd3 - -11?
d04
In base 9, what is -418 - -241?
-167
In base 7, what is -2 + 33125?
33123
In base 9, what is 58 + -4036?
-3867
In base 3, what is 12000001 - 10022?
11212202
In base 4, what is 2 - -121102021?
121102023
In base 16, what is 124 + -533?
-40f
In base 11, what is -38a4 + 30?
-3874
In base 12, what is -45 - 994?
-a19
In base 12, what is 1 + 8930?
8931
In base 4, what is 0 + -10120013?
-10120013
In base 7, what is -1135 + 21?
-1114
In base 14, what is -10b076 + a?
-10b06a
In base 10, what is 5 + -151025?
-151020
In base 4, what is -2011032331 - 2?
-2011032333
In base 6, what is 3013 - 4?
3005
In base 16, what is 332 - -215?
547
In base 3, what is 1002120 - 11220?
220200
In base 9, what is 181862 + -4?
181857
In base 5, what is -121 + -40230?
-40401
In base 13, what is 3 + 848?
84b
In base 2, what is 11010100100001 + 1001?
11010100101010
In base 10, what is 543 - -1206?
1749
In base 12, what is 5 - 117a4?
-1179b
In base 16, what is -16e + 239c?
222e
In base 5, what is 1 + 30014?
30020
In base 3, what is -211 + 21022001112?
21022000201
In base 16, what is 5c + 79a?
7f6
In base 3, what is -211011 - -1200?
-202111
In base 7, what is 31 - -423161?
423222
In base 6, what is 414144 - -153?
414341
In base 9, what is 1468 + -315?
1153
In base 16, what is -412 + 1b?
-3f7
In base 16, what is 6d + -79d?
-730
In base 7, what is 203 + 102?
305
In base 5, what is -2001204233 + -4?
-2001204242
In base 9, what is 2156732 + 0?
2156732
In base 13, what is 196722 - 6?
196719
In base 16, what is 39 - add?
-aa4
In base 7, what is -620413 + -2?
-620415
In base 10, what is -249712 + -2?
-249714
In base 16, what is -2 - -76d?
76b
In base 3, what is 1100220 - -21?
1101011
In base 12, what is -aa142 - 3?
-aa145
In base 13, what is 2 + -174472?
-174470
In base 4, what is 131 + 20223?
21020
In base 15, what is 4a8dd + -3?
4a8da
In base 3, what is 21221210 - 111?
21221022
In base 3, what is -10 + -121221010?
-121221020
In base 5, what is -1144 + -1101114?
-1102313
In base 3, what is 120211120 - 12?
120211101
In base 4, what is 1012131 + -20?
1012111
In base 10, what is 6 - 174781?
-174775
In base 7, what is 53362 + -5?
53354
In base 4, what is -1030221 + -33?
-1030320
In base 10, what is -63121 - 22?
-63143
In base 15, what is -69b - -dd?
-5ad
In base 7, what is 4313 + -4?
4306
In base 2, what is 100000111100101101 + -10011?
100000111100011010
In base 11, what is -19 + 85428?
8540a
In base 9, what is -3 - 31871?
-31874
In base 6, what is 2444403 - 0?
2444403
In base 10, what is -400 - 113?
-513
In base 10, what is 119 - -234?
353
In base 6, what is -4 + 544412?
544404
In base 13, what is 56 + -1b01?
-1a78
In base 11, what is -129 - -1344?
1216
In base 16, what is -2238 - 5?
-223d
In base 10, what is 13388 + 26?
13414
In base 4, what is 13 + 11313301?
11313320
In base 11, what is 6 + -3449?
-3443
In base 12, what is 91 - 435?
-364
In base 9, what is 512330 + 36?
512366
In base 2, what is 11 + -100101100001100001?
-100101100001011110
In base 12, what is -211 - a47?
-1058
In base 12, what is -110b - -139?
-b92
In base 2, what is 10 + -1000000000110111?
-1000000000110101
In base 5, what is -1112 + -4044?
-10211
In base 3, what is 12122 + 21220?
111112
In base 12, what is -4a + 1774?
1726
In base 5, what is 3324 - 1410?
1414
In base 6, what is -1 + -33500103?
-33500104
In base 13, what is -9735 - -20?
-9715
In base 11, what is -1115 - -2164?
104a
In base 9, what is -1377 - 30?
-1417
In base 10, what is -11836 - 35?
-11871
In base 3, what is 2020112011 + -1?
2020112010
In base 7, what is -5 - 151002?
-151010
In base 3, what is -10 - -1011011111?
1011011101
In base 13, what is 0 + 3c5?
3c5
In base 10, what is 518 - 424?
94
In base 2, what is -1110001011 + 11111111?
-1010001100
In base 7, what is -2 - -10221?
10216
In base 6, what is -444301 - 21?
-444322
In base 8, what is 520512 + -5?
520505
In base 2, what is 111000 + 1000001001101?
1000010000101
In base 14, what is -6 + 435?
42d
In base 9, what is 8043 + -112?
7831
In base 3, what is 210012211212 + 11?
210012212000
In base 4, what is -2 - -323033?
323031
In base 9, what is 12 - -37464?
37476
In base 12, what is -6 + -b6349?
-b6353
In base 15, what is -1182e6 - 0?
-1182e6
In base 15, what is -2985 - -3?
-2982
In base 3, what is 220 - -202101021?
202102011
In base 15, what is -2b6 - b?
-2c2
In base 9, what is 5 - 210351?
-210345
In base 16, what is -c1 - 90?
-151
In base 11, what is -10a5a09 - -5?
-10a5a04
I